{"id":233,"date":"2021-08-18T18:49:43","date_gmt":"2021-08-18T18:49:43","guid":{"rendered":"https:\/\/claudia.rootwiki.info\/wordpress\/?page_id=233"},"modified":"2021-09-14T18:14:58","modified_gmt":"2021-09-14T18:14:58","slug":"kurs-schueler","status":"publish","type":"page","link":"https:\/\/claudia.rootwiki.info\/index.php\/angebote\/kurs-schueler\/","title":{"rendered":"Kurse f\u00fcr Schulklassen"},"content":{"rendered":"\n<p>Der Lehrplan 21 gibt vor, welche Ziele Sch\u00fclerInnen in der Schule erreichen sollen. Dazu geh\u00f6ren auch Ziele zur Entwicklung der Pers\u00f6nlichkeit eines jeden Kindes. In der Mathematik ergibt 1 + 1 immer 2.<br>Doch die menschliche Seele funktioniert nicht mathematisch. Und obwohl das Ziel vorgegeben ist, muss jede Lehrperson den Weg zum Ziel f\u00fcr die anvertrauten Sch\u00fclerInnen selber finden.<\/p>\n\n\n\n<p>Sind solche Pers\u00f6nlichkeitsziele nur Wunschdenken? Wie gelingt es, dass Sch\u00fclerInnen zu Pers\u00f6nlichkeiten werden, die als Erwachsene respektvoll und wertsch\u00e4tzend mit sich selber und in gleichem Masse respektvoll und wertsch\u00e4tzend mit ihren Mitmenschen umgehen?<\/p>\n\n\n\n<p>Theorien dar\u00fcber gibt es viele. Doch das \u201ewie\u201c macht uns Kopfzerbrechen.<\/p>\n\n\n\n<p>Gleichzeitig &#8211; und darin ist sich die Hirnforschung einig &#8211; gehen Menschen, die in jungen Jahren Sozialkompetenz erlernt haben, gl\u00fccklicher und resilienter durchs Leben.<\/p>\n\n\n\n<p>Sicher ist die <a href=\"https:\/\/claudia.rootwiki.info\/index.php\/gfk\/gfk-info\/\">GFK <\/a>nicht der einzige Weg, der zum Ziel f\u00fchrt. Doch es ist der einzig mir bekannte Weg, der sich mit konkreten Schritten leicht und einfach praktizieren l\u00e4sst. Er ist f\u00fcr Kinder vermutlich leichter zu verstehen, als f\u00fcr uns Erwachsene, weil Kinder noch viel intuitiver handeln. Dabei helfen die Symboltiere Wolf und Giraffe beim spielerischen Lernen.<br>Ein Mensch ist unabh\u00e4ngig von seinem Alter, seiner Herkunft, seinem Aussehen oder Verhalten bedingungslos wertvoll. Diese Haltung bringt Lehrpersonen und Sch\u00fclerInnen auf Augenh\u00f6he.<\/p>\n\n\n\n<h2 class=\"wp-block-heading\">Mein Beitrag<\/h2>\n\n\n\n<p>Mit meiner Arbeit m\u00f6chte ich dazu beitragen, die GFK direkt ins Klassenzimmer zu tragen. Das von mir mitgebracht Konzept wird in Zusammenarbeit mit der Klassenlehrperson in 7 bis 10 x 1.5  Stunden mit den Sch\u00fclern erarbeitet. Voraussetzung f\u00fcr das Gelingen des Trainings ist, dass die Lehrperson den Wunsch hat, die GFK in die Klasse zu tragen. Die Klassenlehrperson ist massgebend an der Unterst\u00fctzung der Kinder beteiligt, damit diese in die Haltung der GFK wachsen k\u00f6nnen.<\/p>\n\n\n\n<p>Die Klassenlehrperson kennt die Klasse am besten und kann GFK vermitteln. Was motiviert mich dennoch, direkt in der Klasse zu unterrichten?<\/p>\n\n\n\n<p>Die GFK ist einfach, aber nicht leicht. Beginnt man sich damit zu befassen, entdeckt man die eine oder andere H\u00fcrde, weil vieles neu ist. All das Neue in ein Training&nbsp;zu packen, kann neben dem normalen Schulalltag ganz sch\u00f6n viel sein, sodass die Idee mit der GFK letztendlich auf der Strecke bleibt. Ich bin zutiefst von der Haltung der GFK \u00fcberzeugt, was mich motiviert, Unterst\u00fctzung zu geben, zur Entwicklung sowie zu einem friedlicheren Miteinander in Ihrer Schule beizutragen.<\/p>\n\n\n\n<p><strong>Voraussetzungen?<\/strong><br>Gute Deutschkenntnisse. <\/p>\n\n\n\n<p><strong>Wo?<br><\/strong>In den R\u00e4umlichkeiten der Schule.<\/p>\n\n\n\n<p><strong>Wann?<br><\/strong>In individueller Absprache.<\/p>\n\n\n\n<p><strong>Wer?<br><\/strong>Klassenlehrpersonen die sich einen wertsch\u00e4tzenden Umgang im Schulzimmer w\u00fcnschen.<\/p>\n\n\n\n<p><strong>Wieviel?<br><\/strong>150.-\/Stunde, inkl. Material<\/p>\n","protected":false},"excerpt":{"rendered":"<p>Der Lehrplan 21 gibt vor, welche Ziele Sch\u00fclerInnen in der Schule erreichen sollen. Dazu geh\u00f6ren auch Ziele zur Entwicklung der Pers\u00f6nlichkeit eines jeden Kindes. In der Mathematik ergibt 1 + 1 immer 2.Doch die menschliche Seele funktioniert nicht mathematisch. Und obwohl das Ziel vorgegeben ist, muss jede Lehrperson den Weg zum Ziel f\u00fcr die anvertrauten &hellip; <\/p>\n<p class=\"link-more\"><a href=\"https:\/\/claudia.rootwiki.info\/index.php\/angebote\/kurs-schueler\/\" class=\"more-link\"><span class=\"screen-reader-text\">\u201eKurse f\u00fcr Schulklassen\u201c<\/span> weiterlesen<\/a><\/p>\n","protected":false},"author":1,"featured_media":285,"parent":68,"menu_order":7,"comment_status":"closed","ping_status":"closed","template":"","meta":{"footnotes":""},"class_list":["post-233","page","type-page","status-publish","has-post-thumbnail","hentry"],"yoast_head":"<!-- This site is optimized with the Yoast SEO plugin v27.4 - https:\/\/yoast.com\/product\/yoast-seo-wordpress\/ -->\n<title>Kurse f\u00fcr Schulklassen - EmpathieReich<\/title>\n<meta name=\"robots\" content=\"noindex, follow, max-snippet:-1, max-image-preview:large, max-video-preview:-1\" \/>\n<meta property=\"og:locale\" content=\"de_DE\" \/>\n<meta property=\"og:type\" content=\"article\" \/>\n<meta property=\"og:title\" content=\"Kurse f\u00fcr Schulklassen - EmpathieReich\" \/>\n<meta property=\"og:description\" content=\"Der Lehrplan 21 gibt vor, welche Ziele Sch\u00fclerInnen in der Schule erreichen sollen. Dazu geh\u00f6ren auch Ziele zur Entwicklung der Pers\u00f6nlichkeit eines jeden Kindes. In der Mathematik ergibt 1 + 1 immer 2.Doch die menschliche Seele funktioniert nicht mathematisch. Und obwohl das Ziel vorgegeben ist, muss jede Lehrperson den Weg zum Ziel f\u00fcr die anvertrauten &hellip; \u201eKurse f\u00fcr Schulklassen\u201c weiterlesen\" \/>\n<meta property=\"og:url\" content=\"https:\/\/claudia.rootwiki.info\/index.php\/angebote\/kurs-schueler\/\" \/>\n<meta property=\"og:site_name\" content=\"EmpathieReich\" \/>\n<meta property=\"article:modified_time\" content=\"2021-09-14T18:14:58+00:00\" \/>\n<meta property=\"og:image\" content=\"https:\/\/claudia.rootwiki.info\/wp-content\/uploads\/2021\/08\/boat_women_child.jpg\" \/>\n\t<meta property=\"og:image:width\" content=\"1920\" \/>\n\t<meta property=\"og:image:height\" content=\"1034\" \/>\n\t<meta property=\"og:image:type\" content=\"image\/jpeg\" \/>\n<meta name=\"twitter:card\" content=\"summary_large_image\" \/>\n<meta name=\"twitter:label1\" content=\"Gesch\u00e4tzte Lesezeit\" \/>\n\t<meta name=\"twitter:data1\" content=\"2\u00a0Minuten\" \/>\n<script type=\"application\/ld+json\" class=\"yoast-schema-graph\">{\"@context\":\"https:\\\/\\\/schema.org\",\"@graph\":[{\"@type\":\"WebPage\",\"@id\":\"https:\\\/\\\/claudia.rootwiki.info\\\/index.php\\\/angebote\\\/kurs-schueler\\\/\",\"url\":\"https:\\\/\\\/claudia.rootwiki.info\\\/index.php\\\/angebote\\\/kurs-schueler\\\/\",\"name\":\"Kurse f\u00fcr Schulklassen - EmpathieReich\",\"isPartOf\":{\"@id\":\"https:\\\/\\\/claudia.rootwiki.info\\\/#website\"},\"primaryImageOfPage\":{\"@id\":\"https:\\\/\\\/claudia.rootwiki.info\\\/index.php\\\/angebote\\\/kurs-schueler\\\/#primaryimage\"},\"image\":{\"@id\":\"https:\\\/\\\/claudia.rootwiki.info\\\/index.php\\\/angebote\\\/kurs-schueler\\\/#primaryimage\"},\"thumbnailUrl\":\"https:\\\/\\\/claudia.rootwiki.info\\\/wp-content\\\/uploads\\\/2021\\\/08\\\/boat_women_child.jpg\",\"datePublished\":\"2021-08-18T18:49:43+00:00\",\"dateModified\":\"2021-09-14T18:14:58+00:00\",\"breadcrumb\":{\"@id\":\"https:\\\/\\\/claudia.rootwiki.info\\\/index.php\\\/angebote\\\/kurs-schueler\\\/#breadcrumb\"},\"inLanguage\":\"de\",\"potentialAction\":[{\"@type\":\"ReadAction\",\"target\":[\"https:\\\/\\\/claudia.rootwiki.info\\\/index.php\\\/angebote\\\/kurs-schueler\\\/\"]}]},{\"@type\":\"ImageObject\",\"inLanguage\":\"de\",\"@id\":\"https:\\\/\\\/claudia.rootwiki.info\\\/index.php\\\/angebote\\\/kurs-schueler\\\/#primaryimage\",\"url\":\"https:\\\/\\\/claudia.rootwiki.info\\\/wp-content\\\/uploads\\\/2021\\\/08\\\/boat_women_child.jpg\",\"contentUrl\":\"https:\\\/\\\/claudia.rootwiki.info\\\/wp-content\\\/uploads\\\/2021\\\/08\\\/boat_women_child.jpg\",\"width\":1920,\"height\":1034,\"caption\":\"Boot mit Frau und Kind\"},{\"@type\":\"BreadcrumbList\",\"@id\":\"https:\\\/\\\/claudia.rootwiki.info\\\/index.php\\\/angebote\\\/kurs-schueler\\\/#breadcrumb\",\"itemListElement\":[{\"@type\":\"ListItem\",\"position\":1,\"name\":\"Startseite\",\"item\":\"https:\\\/\\\/claudia.rootwiki.info\\\/\"},{\"@type\":\"ListItem\",\"position\":2,\"name\":\"Angebote\",\"item\":\"https:\\\/\\\/claudia.rootwiki.info\\\/index.php\\\/angebote\\\/\"},{\"@type\":\"ListItem\",\"position\":3,\"name\":\"Kurse f\u00fcr Schulklassen\"}]},{\"@type\":\"WebSite\",\"@id\":\"https:\\\/\\\/claudia.rootwiki.info\\\/#website\",\"url\":\"https:\\\/\\\/claudia.rootwiki.info\\\/\",\"name\":\"EmpathieReich\",\"description\":\"Gewaltfreie Kommunikation\",\"publisher\":{\"@id\":\"https:\\\/\\\/claudia.rootwiki.info\\\/#organization\"},\"potentialAction\":[{\"@type\":\"SearchAction\",\"target\":{\"@type\":\"EntryPoint\",\"urlTemplate\":\"https:\\\/\\\/claudia.rootwiki.info\\\/?s={search_term_string}\"},\"query-input\":{\"@type\":\"PropertyValueSpecification\",\"valueRequired\":true,\"valueName\":\"search_term_string\"}}],\"inLanguage\":\"de\"},{\"@type\":\"Organization\",\"@id\":\"https:\\\/\\\/claudia.rootwiki.info\\\/#organization\",\"name\":\"EmpathieReich\",\"url\":\"https:\\\/\\\/claudia.rootwiki.info\\\/\",\"logo\":{\"@type\":\"ImageObject\",\"inLanguage\":\"de\",\"@id\":\"https:\\\/\\\/claudia.rootwiki.info\\\/#\\\/schema\\\/logo\\\/image\\\/\",\"url\":\"https:\\\/\\\/claudia.rootwiki.info\\\/wp-content\\\/uploads\\\/2021\\\/10\\\/cropped-empathieReich_Plus_negWeiss.png\",\"contentUrl\":\"https:\\\/\\\/claudia.rootwiki.info\\\/wp-content\\\/uploads\\\/2021\\\/10\\\/cropped-empathieReich_Plus_negWeiss.png\",\"width\":990,\"height\":250,\"caption\":\"EmpathieReich\"},\"image\":{\"@id\":\"https:\\\/\\\/claudia.rootwiki.info\\\/#\\\/schema\\\/logo\\\/image\\\/\"}}]}<\/script>\n<!-- \/ Yoast SEO plugin. -->","yoast_head_json":{"title":"Kurse f\u00fcr Schulklassen - EmpathieReich","robots":{"index":"noindex","follow":"follow","max-snippet":"max-snippet:-1","max-image-preview":"max-image-preview:large","max-video-preview":"max-video-preview:-1"},"og_locale":"de_DE","og_type":"article","og_title":"Kurse f\u00fcr Schulklassen - EmpathieReich","og_description":"Der Lehrplan 21 gibt vor, welche Ziele Sch\u00fclerInnen in der Schule erreichen sollen. Dazu geh\u00f6ren auch Ziele zur Entwicklung der Pers\u00f6nlichkeit eines jeden Kindes. In der Mathematik ergibt 1 + 1 immer 2.Doch die menschliche Seele funktioniert nicht mathematisch. Und obwohl das Ziel vorgegeben ist, muss jede Lehrperson den Weg zum Ziel f\u00fcr die anvertrauten &hellip; \u201eKurse f\u00fcr Schulklassen\u201c weiterlesen","og_url":"https:\/\/claudia.rootwiki.info\/index.php\/angebote\/kurs-schueler\/","og_site_name":"EmpathieReich","article_modified_time":"2021-09-14T18:14:58+00:00","og_image":[{"width":1920,"height":1034,"url":"https:\/\/claudia.rootwiki.info\/wp-content\/uploads\/2021\/08\/boat_women_child.jpg","type":"image\/jpeg"}],"twitter_card":"summary_large_image","twitter_misc":{"Gesch\u00e4tzte Lesezeit":"2\u00a0Minuten"},"schema":{"@context":"https:\/\/schema.org","@graph":[{"@type":"WebPage","@id":"https:\/\/claudia.rootwiki.info\/index.php\/angebote\/kurs-schueler\/","url":"https:\/\/claudia.rootwiki.info\/index.php\/angebote\/kurs-schueler\/","name":"Kurse f\u00fcr Schulklassen - EmpathieReich","isPartOf":{"@id":"https:\/\/claudia.rootwiki.info\/#website"},"primaryImageOfPage":{"@id":"https:\/\/claudia.rootwiki.info\/index.php\/angebote\/kurs-schueler\/#primaryimage"},"image":{"@id":"https:\/\/claudia.rootwiki.info\/index.php\/angebote\/kurs-schueler\/#primaryimage"},"thumbnailUrl":"https:\/\/claudia.rootwiki.info\/wp-content\/uploads\/2021\/08\/boat_women_child.jpg","datePublished":"2021-08-18T18:49:43+00:00","dateModified":"2021-09-14T18:14:58+00:00","breadcrumb":{"@id":"https:\/\/claudia.rootwiki.info\/index.php\/angebote\/kurs-schueler\/#breadcrumb"},"inLanguage":"de","potentialAction":[{"@type":"ReadAction","target":["https:\/\/claudia.rootwiki.info\/index.php\/angebote\/kurs-schueler\/"]}]},{"@type":"ImageObject","inLanguage":"de","@id":"https:\/\/claudia.rootwiki.info\/index.php\/angebote\/kurs-schueler\/#primaryimage","url":"https:\/\/claudia.rootwiki.info\/wp-content\/uploads\/2021\/08\/boat_women_child.jpg","contentUrl":"https:\/\/claudia.rootwiki.info\/wp-content\/uploads\/2021\/08\/boat_women_child.jpg","width":1920,"height":1034,"caption":"Boot mit Frau und Kind"},{"@type":"BreadcrumbList","@id":"https:\/\/claudia.rootwiki.info\/index.php\/angebote\/kurs-schueler\/#breadcrumb","itemListElement":[{"@type":"ListItem","position":1,"name":"Startseite","item":"https:\/\/claudia.rootwiki.info\/"},{"@type":"ListItem","position":2,"name":"Angebote","item":"https:\/\/claudia.rootwiki.info\/index.php\/angebote\/"},{"@type":"ListItem","position":3,"name":"Kurse f\u00fcr Schulklassen"}]},{"@type":"WebSite","@id":"https:\/\/claudia.rootwiki.info\/#website","url":"https:\/\/claudia.rootwiki.info\/","name":"EmpathieReich","description":"Gewaltfreie Kommunikation","publisher":{"@id":"https:\/\/claudia.rootwiki.info\/#organization"},"potentialAction":[{"@type":"SearchAction","target":{"@type":"EntryPoint","urlTemplate":"https:\/\/claudia.rootwiki.info\/?s={search_term_string}"},"query-input":{"@type":"PropertyValueSpecification","valueRequired":true,"valueName":"search_term_string"}}],"inLanguage":"de"},{"@type":"Organization","@id":"https:\/\/claudia.rootwiki.info\/#organization","name":"EmpathieReich","url":"https:\/\/claudia.rootwiki.info\/","logo":{"@type":"ImageObject","inLanguage":"de","@id":"https:\/\/claudia.rootwiki.info\/#\/schema\/logo\/image\/","url":"https:\/\/claudia.rootwiki.info\/wp-content\/uploads\/2021\/10\/cropped-empathieReich_Plus_negWeiss.png","contentUrl":"https:\/\/claudia.rootwiki.info\/wp-content\/uploads\/2021\/10\/cropped-empathieReich_Plus_negWeiss.png","width":990,"height":250,"caption":"EmpathieReich"},"image":{"@id":"https:\/\/claudia.rootwiki.info\/#\/schema\/logo\/image\/"}}]}},"_links":{"self":[{"href":"https:\/\/claudia.rootwiki.info\/index.php\/wp-json\/wp\/v2\/pages\/233","targetHints":{"allow":["GET"]}}],"collection":[{"href":"https:\/\/claudia.rootwiki.info\/index.php\/wp-json\/wp\/v2\/pages"}],"about":[{"href":"https:\/\/claudia.rootwiki.info\/index.php\/wp-json\/wp\/v2\/types\/page"}],"author":[{"embeddable":true,"href":"https:\/\/claudia.rootwiki.info\/index.php\/wp-json\/wp\/v2\/users\/1"}],"replies":[{"embeddable":true,"href":"https:\/\/claudia.rootwiki.info\/index.php\/wp-json\/wp\/v2\/comments?post=233"}],"version-history":[{"count":12,"href":"https:\/\/claudia.rootwiki.info\/index.php\/wp-json\/wp\/v2\/pages\/233\/revisions"}],"predecessor-version":[{"id":436,"href":"https:\/\/claudia.rootwiki.info\/index.php\/wp-json\/wp\/v2\/pages\/233\/revisions\/436"}],"up":[{"embeddable":true,"href":"https:\/\/claudia.rootwiki.info\/index.php\/wp-json\/wp\/v2\/pages\/68"}],"wp:featuredmedia":[{"embeddable":true,"href":"https:\/\/claudia.rootwiki.info\/index.php\/wp-json\/wp\/v2\/media\/285"}],"wp:attachment":[{"href":"https:\/\/claudia.rootwiki.info\/index.php\/wp-json\/wp\/v2\/media?parent=233"}],"curies":[{"name":"wp","href":"https:\/\/api.w.org\/{rel}","templated":true}]}}